x - 30. Suppose 2*i + 7*c = 2*c - 12, h*i = 4*c + 36. Suppose 2*y + 67 = t, i*t - 65 = 3*t + y. What is the units digit of t?
3
Let d(u) = -45*u - 23. What is the tens digit of d(-9)?
8
What is the tens digit of (4 - 1194/(-9))*12/10?
6
Let w = -25 + 34. Suppose -w*o = 2*o - 1540. What is the tens digit of o?
4
Suppose -4*y - 2*q + 0*q + 178 = 0, -83 = -2*y + q. Let j = 1 + y. What is the tens digit of j?
4
Suppose 4*c + 9 + 11 = 0, -294 = -d + 5*c. What is the tens digit of d?
6
Let t(n) = -27*n + 609. What is the units digit of t(0)?
9
Let c = 2 - 4. What is the units digit of (-1)/(c*(-3)/(-306))?
1
Let i be 2/(48/27 - 2). Let d(j) = -j - 7. Let t be d(i). Suppose 0 = -4*m + t*m + 6. What is the units digit of m?
3
Let g = -63 - -57. What is the tens digit of 15/(-45) - 554/g?
9
Let p be (-36 - 2)/(-1 - -2). Let v = p - -36. What is the units digit of -2 - -22 - (v + 6)?
6
Let k(o) = 102*o - 214. What is the tens digit of k(37)?
6
Let c(u) be the third derivative of u**6/120 - u**5/15 - u**3/3 + u**2. Let j be c(4). What is the units digit of (-27)/j*2/3?
9
Suppose 3*t = 465 + 87. Let j = t + -110. What is the units digit of j?
4
Let k(n) = -n - 6. Let w be k(-9). What is the tens digit of (405/25)/((-1)/(-15)*w)?
8
Suppose 0 = 3*o + 2*y - 43, o + 2*y = -3*y + 36. Let p(x) = x - 4 + 6*x + o - 3. What is the units digit of p(3)?
5
Suppose 0 = q - 2, 0 = -4*w + 5*q + 3786 + 4288. What is the units digit of w?
1
Let d(f) = f**2 - 33*f - 154. What is the units digit of d(-21)?
0
Let r(q) be the second derivative of -1/10*q**5 - 2/3*q**3 - 1/4*q**4 - 3*q + 1/2*q**2 + 0. What is the units digit of r(-3)?
0
Suppose 0 = 6*x - 2 - 28. Let u be x/35 - 110/(-14). Suppose u*p = 3*p + 95. What is the tens digit of p?
1
Let q = -1837 + 3157. What is the tens digit of q?
2
Let a = 210 + 2097. What is the hundreds digit of a?
3
Suppose -2*x + 4 = 46. Let h be (-2)/14 + (-318)/x. Suppose h = 5*p - 10. What is the units digit of p?
5
Let a = 4 - -5. Suppose 3*x + 3 - 12 = 0. Suppose x*v - a*v = -228. What is the tens digit of v?
3
Let b = 178 + -38. Let d = 187 - b. What is the units digit of d?
7
Let m = 9869 + -6877. What is the units digit of m?
2
Suppose -2605 = -5*j + 5*z, -j - 5*z + 7*z = -523. What is the tens digit of j?
1
Suppose 3*y - 1777 = -4*x, -4*x + 2949 + 18 = 5*y. What is the hundreds digit of y?
5
Suppose -13*a - 7*a = -4440. Let p = 497 - a. What is the tens digit of p?
7
Let k = 0 + 1. What is the tens digit of (-11*2)/(-4 + 3/k)?
2
Let r be (-3 - (-51)/9)*(-66)/(-4). Let t = r + -21. What is the tens digit of t?
2
Let r = 2500 + -1706. What is the tens digit of r?
9
Let g(z) = -105*z + 2. Let j be g(-2). Let x = j - 149. What is the tens digit of x?
6
Let y be -7*(1 - 50/35). Suppose -3*v = -8*v + y*a + 247, -5*v + 251 = a. What is the units digit of v?
0
Suppose -2*z = 7*k - 11*k - 1718, -2*k + 855 = z. What is the units digit of z?
7
Suppose 5*h - 5*p = -7*p + 1955, -3*h = 4*p - 1187. What is the units digit of h?
9
Let j(d) = -d**3 + 6*d**2 - 6*d + 1. Let q be j(5). Let p = q - -7. Let l(c) = 5*c + 4. What is the tens digit of l(p)?
1
Let q = 2932 + 566. What is the hundreds digit of q?
4
Let w be (-8 + -8)*18/(-4). Suppose 2*a = 3*a - w. Suppose 0 = 2*k + k - a. What is the tens digit of k?
2
Suppose 0 = -m - 13*m + 1694. What is the hundreds digit of m?
1
Let y be 34/(-2) + 12/(-3). Let u = 11 + y. What is the tens digit of u/(-15)*(-1 - -64)?
4
Let x = -13 + 38. Suppose -3*w = 20 + x. Let t = w - -25. What is the tens digit of t?
1
Suppose 25 = -14*x + 15*x. What is the tens digit of x?
2
Suppose -3*a + 497 = m, 2*m - 187 - 315 = -3*a. Let x = a - 41. What is the units digit of x?
3
What is the hundreds digit of ((-25)/5 + -448 + -4)*-1?
4
Suppose -3*d - 10 = -28. Suppose -b + d*b - 10 = 0. What is the units digit of b?
2
Let v = -2 + 4. Let a(w) = -3*w - 2. Let j be a(v). What is the tens digit of ((-2)/3)/(j/336)?
2
Suppose -11*j = -1768 - 553. What is the tens digit of j?
1
Suppose 5*g - 3*u = 11, 0*u = 3*g + 4*u - 24. Suppose -5*h = -6*x + 3*x - 1184, -x + 937 = g*h. What is the tens digit of h?
3
Suppose 64*y - 56*y - 9128 = 0. What is the thousands digit of y?
1
Suppose -t + p = -351, -1747 = -10*t + 5*t + 3*p. What is the tens digit of t?
4
Suppose 15*x - 3*k = 14*x + 1077, 0 = -2*x + 2*k + 2142. What is the hundreds digit of x?
0
Let r(c) be the first derivative of 1/3*c**3 - c**2 - 2 + 2*c. What is the units digit of r(2)?
2
Suppose 14*w = 32*w - 42714. What is the thousands digit of w?
2
Let r be (-34)/255 - 118/15. Let a be r/(-5) + 8/20. Suppose -48 = -a*v + 2*j - 3*j, 2*v + 2*j = 44. What is the units digit of v?
6
Suppose -2332 + 152 = -10*d. What is the tens digit of d?
1
Let l(j) = 72*j - 72. What is the units digit of l(8)?
4
Let j = 700 + 34. What is the hundreds digit of j?
7
Let k be (-1)/3 - (-80)/15. Let j(a) = k + 0 + 5*a + a. What is the units digit of j(3)?
3
Suppose 1 = 2*z - 113. Suppose 720 + z = 7*n. What is the tens digit of n?
1
Let s(d) = d + 1. Let q(m) = 10*m + 17. Let f(j) = -q(j) + 6*s(j). Suppose -b + 2*b - k + 8 = 0, 0 = 3*k - 6. What is the tens digit of f(b)?
1
Let d = -295 - -777. What is the tens digit of d?
8
Let q = 3512 - 1248. What is the thousands digit of q?
2
Let r = 15 - 11. Suppose -40 = -r*w - 8. Let i(z) = 2*z**2 - 11*z - 3. What is the tens digit of i(w)?
3
Let v(j) = -5*j - 12. Let r = -2 - 3. Let l be v(r). Let h = 15 + l. What is the units digit of h?
8
Let r = 52 + 3. Suppose -6 = -2*z, -2*y + 20 = 2*z + 76. Let w = y + r. What is the units digit of w?
4
Let o be (-101)/(-2) - (9/6)/(-3). Suppose -d + 1356 = 3*d. Suppose -d = -4*t - o. What is the units digit of t?
2
Let n be 106/(-9)*-3 - (-4)/6. Suppose n*m - 1190 = 29*m. What is the tens digit of m?
7
Suppose 5*p - 212 = -4*v, -p + 3*v = -3*p + 89. Suppose 150 = p*x - 35*x. What is the tens digit of x?
3
Let h(o) = 60*o**3 + o**2 - o - 1. What is the units digit of h(2)?
1
Suppose 2*v = -6*r + 23060, 13*r - 15*r - 3*v + 7675 = 0. What is the units digit of r?
5
Let g(b) = 48*b**2 - 5*b + 0*b + 2 + 5*b**2 - 15*b**2. What is the units digit of g(-2)?
4
Let d = -43 + 25. What is the units digit of d/15*(42/(-4) + -2)?
5
Let a(m) = -1474*m + 17. What is the hundreds digit of a(-1)?
4
Let n = 30 - 27. Suppose -4*z - 4*c + 81 - 5 = 0, n*c - 76 = -4*z. What is the units digit of z?
9
Suppose 5*h + 24230 = 5*i - 0*i, -i + 2*h + 4850 = 0. What is the tens digit of i?
4
Suppose 5*d + 4*o = o + 150, 2*d - 46 = -4*o. Let m be 1 - -16 - (-1 - -1). Let g = d - m. What is the tens digit of g?
1
Let g be (-2)/(-1 + 0) + 60 + 1. Let q = 35 + g. What is the tens digit of q?
9
Let d(n) = 7 - 4 - 4*n + 3*n + 12. What is the units digit of d(0)?
5
Suppose 8*d = 11*d - 3. Let z(s) = -s + d + 2*s + 1 + s. What is the units digit of z(5)?
2
Let i = 249 - 17. Let w = -118 + i. What is the tens digit of w?
1
Let j(v) = -v**2 - 6*v + 2. Let f be j(-6). Let n(t) be the first derivative of t**2 + t - 36. What is the units digit of n(f)?
5
Let n be (-10)/(-15)*(-18)/(-4). Let u be -10*12/(-20)*29. Suppose -u = -3*w + 3*o, -w = -n*o - 0*o - 56. What is the tens digit of w?
5
What is the tens digit of (-2)/(-7) - 10104/(-14)?
2
Let f = 124 - 104. Let l = 40 + f. What is the tens digit of l?
6
Let t(i) = -i**3 - 15*i**2 + 12*i - 4. Let a = -10 + -6. What is the tens digit of t(a)?
6
What is the thousands digit of (-6)/((-18)/5259) + -4?
1
What is the tens digit of (1/6*-3)/(1/(-898))?
4
Let d(f) be the third derivative of f**5/30 + f**4/24 - 7*f**3/3 - 8*f**2. What is the tens digit of d(7)?
9
Let z(b) = -52*b + 5 + 10 - 7. What is the tens digit of z(-2)?
1
Let l(m) = m**2 - 5*m + 2. Let n be l(5). Suppose -3*r - 19 = -5*h - 2*r, 0 = -n*h - r + 2. What is the units digit of h?
3
What is the hundreds digit of 984/(-28)*(19 + -26)?
2
Suppose 1073 = 4*l - 2551. What is the tens digit of l?
0
Let q(s) = 7*s**2 + 34*s - 5. What is the tens digit of q(-11)?
6
Let s(f) = 0*f - 2*f + 3*f + 3. Let q be s(-8). What is the units digit of q/(-2) + (-6)/12?
2
Let v = -130 + 224. What is the tens digit of v?
9
Let b(v) = -8*v - 28. What is the tens digit of b(-5)?
1
Let n = 104 + -44. Suppose 5*s = n + 55. What is the tens digit of s?
2
Suppose g - 6*g - 3780 = 